{"id":522,"date":"2023-04-09T19:36:28","date_gmt":"2023-04-09T17:36:28","guid":{"rendered":"https:\/\/auxracinesdesoi.fr\/?page_id=522"},"modified":"2024-10-29T08:30:30","modified_gmt":"2024-10-29T07:30:30","slug":"massages-chromotherapie","status":"publish","type":"page","link":"https:\/\/auxracinesdesoi.fr\/index.php\/massages-chromotherapie\/","title":{"rendered":"Soins du Corps \u00ab\u00a0Chromoth\u00e9rapie\u00a0\u00bb"},"content":{"rendered":"<h2 style=\"text-align: center;\"><span style=\"color: #0693e3;\">Une couleur, une \u00e9motion, un soin du corps<\/span><\/h2>\n<p><img fetchpriority=\"high\" decoding=\"async\" class=\"aligncenter wp-image-525 \" src=\"https:\/\/auxracinesdesoi.fr\/wp-content\/uploads\/2023\/04\/chromatho_b.png\" alt=\"chromoth\u00e9rapie\" width=\"442\" height=\"415\" srcset=\"https:\/\/auxracinesdesoi.fr\/wp-content\/uploads\/2023\/04\/chromatho_b.png 800w, https:\/\/auxracinesdesoi.fr\/wp-content\/uploads\/2023\/04\/chromatho_b-300x282.png 300w, https:\/\/auxracinesdesoi.fr\/wp-content\/uploads\/2023\/04\/chromatho_b-768x721.png 768w, https:\/\/auxracinesdesoi.fr\/wp-content\/uploads\/2023\/04\/chromatho_b-64x60.png 64w\" sizes=\"(max-width: 442px) 100vw, 442px\" \/><\/p>\n<p>&nbsp;<\/p>\n<p>Nous nous appuyons sur <span style=\"color: #0693e3;\">six m\u00e9thodes multisensorielles pour vous guider dans un Voyage int\u00e9rieur<\/span>, l\u00e0 o\u00f9 les couleurs et les \u00e9motions se croisent.<\/p>\n<h3><span style=\"color: #0693e3;\">Soin \u00c9veil des Sens 60mn<\/span><\/h3>\n<p><img decoding=\"async\" class=\"wp-image-595 alignleft\" src=\"http:\/\/auxracinesdesoi.fr\/wp-content\/uploads\/2023\/11\/Image1-192x300.png\" alt=\"\" width=\"113\" height=\"177\" srcset=\"https:\/\/auxracinesdesoi.fr\/wp-content\/uploads\/2023\/11\/Image1-192x300.png 192w, https:\/\/auxracinesdesoi.fr\/wp-content\/uploads\/2023\/11\/Image1-38x60.png 38w, https:\/\/auxracinesdesoi.fr\/wp-content\/uploads\/2023\/11\/Image1.png 293w\" sizes=\"(max-width: 113px) 100vw, 113px\" \/>Laissez-vous guider \u00e0 travers un voyage immersif, dans les senteurs, les couleurs, le toucher, et les techniques \u00e9nerg\u00e9tiques pour une profonde reconnexion. Ces rituels vous plongeront dans un \u00e9tat de relaxation profonde propice \u00e0 la r\u00e9g\u00e9n\u00e9ration et \u00e0 la reconnexion avec soi-m\u00eame.<\/p>\n<p>&nbsp;<\/p>\n<p>&nbsp;<\/p>\n<h3><span style=\"color: #0693e3;\">Soin Himalayen aux pochons de sel chauds 60mn<\/span><\/h3>\n<p><img decoding=\"async\" class=\" wp-image-594 alignleft\" src=\"http:\/\/auxracinesdesoi.fr\/wp-content\/uploads\/2023\/11\/Image2-292x300.jpg\" alt=\"\" width=\"174\" height=\"178\" srcset=\"https:\/\/auxracinesdesoi.fr\/wp-content\/uploads\/2023\/11\/Image2-292x300.jpg 292w, https:\/\/auxracinesdesoi.fr\/wp-content\/uploads\/2023\/11\/Image2-58x60.jpg 58w, https:\/\/auxracinesdesoi.fr\/wp-content\/uploads\/2023\/11\/Image2.jpg 496w\" sizes=\"(max-width: 174px) 100vw, 174px\" \/>Un soin tonique dans lequel les mains alternent avec les pochons remplis de sel de l\u2019Himalaya pr\u00e9alablement chauff\u00e9s.<br \/>\nPour un nettoyage profond et une \u00e9nergie renouvel\u00e9e.<br \/>\nPour inciter l\u2019organisme \u00e0 ne plus puiser dans ses ressources profondes (physiques et nerveuses).<\/p>\n<p>&nbsp;<\/p>\n<h3><span style=\"color: #0693e3;\">\u00a0Soin M\u00e9nopause 90mn &#8211;\u00a0<\/span><span style=\"color: #0693e3;\">\u00ab Au c\u0153ur du F\u00e9minin \u00bb<\/span><\/h3>\n<p><img loading=\"lazy\" decoding=\"async\" class=\" wp-image-593 alignleft\" src=\"http:\/\/auxracinesdesoi.fr\/wp-content\/uploads\/2023\/11\/Image3.jpg\" alt=\"\" width=\"239\" height=\"130\" srcset=\"https:\/\/auxracinesdesoi.fr\/wp-content\/uploads\/2023\/11\/Image3.jpg 247w, https:\/\/auxracinesdesoi.fr\/wp-content\/uploads\/2023\/11\/Image3-111x60.jpg 111w\" sizes=\"(max-width: 239px) 100vw, 239px\" \/>Les couleurs <span style=\"color: #0693e3;\"><strong>\u00ab\u00a0Alt\u00e9arah\u00a0\u00bb<\/strong><\/span> en synergie avec ce soin <strong><span style=\"color: #0693e3;\">\u00ab Au c\u0153ur du f\u00e9minin \u00bb<\/span>\u00a0<\/strong>facilitent le passage vers cette nouvelle \u00e9tape en revenant \u00e0 soi.<br \/>\nLe soin au c\u0153ur du f\u00e9minin, vous aide \u00e0 vous adapter aux manifestations des changements hormonaux.<br \/>\nC&rsquo;est un \u00e9lan vers une nouvelle conscience de la vie de femme, pour retrouver votre\u00a0souffle et la libert\u00e9 d\u2019\u00eatre soi.<\/p>\n<p>&nbsp;<\/p>\n<p>&nbsp;<\/p>\n<p>&nbsp;<\/p>\n<p>&nbsp;<\/p>\n<p>&nbsp;<\/p>\n<p>&nbsp;<\/p>\n<p>&nbsp;<\/p>\n<p>&nbsp;<\/p>\n","protected":false},"excerpt":{"rendered":"<p>Une couleur, une \u00e9motion, un soin du corps &nbsp; Nous nous appuyons sur six m\u00e9thodes multisensorielles pour vous guider dans un Voyage int\u00e9rieur, l\u00e0 o\u00f9 les couleurs et les \u00e9motions se croisent. Soin \u00c9veil des Sens 60mn Laissez-vous guider \u00e0 travers un voyage immersif, dans les senteurs, les couleurs, le toucher, et les techniques \u00e9nerg\u00e9tiques &hellip; <\/p>\n","protected":false},"author":1,"featured_media":0,"parent":0,"menu_order":0,"comment_status":"closed","ping_status":"closed","template":"","meta":{"footnotes":""},"class_list":["post-522","page","type-page","status-publish","hentry"],"yoast_head":"<!-- This site is optimized with the Yoast SEO plugin v27.4 - https:\/\/yoast.com\/product\/yoast-seo-wordpress\/ -->\n<title>Soins du Corps &quot;Chromoth\u00e9rapie&quot; - Aux Racines de Soi<\/title>\n<meta name=\"robots\" content=\"index, follow, max-snippet:-1, max-image-preview:large, max-video-preview:-1\" \/>\n<link rel=\"canonical\" href=\"https:\/\/auxracinesdesoi.fr\/index.php\/massages-chromotherapie\/\" \/>\n<meta property=\"og:locale\" content=\"fr_FR\" \/>\n<meta property=\"og:type\" content=\"article\" \/>\n<meta property=\"og:title\" content=\"Soins du Corps &quot;Chromoth\u00e9rapie&quot; - Aux Racines de Soi\" \/>\n<meta property=\"og:description\" content=\"Une couleur, une \u00e9motion, un soin du corps &nbsp; Nous nous appuyons sur six m\u00e9thodes multisensorielles pour vous guider dans un Voyage int\u00e9rieur, l\u00e0 o\u00f9 les couleurs et les \u00e9motions se croisent. Soin \u00c9veil des Sens 60mn Laissez-vous guider \u00e0 travers un voyage immersif, dans les senteurs, les couleurs, le toucher, et les techniques \u00e9nerg\u00e9tiques &hellip;\" \/>\n<meta property=\"og:url\" content=\"https:\/\/auxracinesdesoi.fr\/index.php\/massages-chromotherapie\/\" \/>\n<meta property=\"og:site_name\" content=\"Aux Racines de Soi\" \/>\n<meta property=\"article:publisher\" content=\"https:\/\/www.facebook.com\/AuxRacinesDeSoi\" \/>\n<meta property=\"article:modified_time\" content=\"2024-10-29T07:30:30+00:00\" \/>\n<meta property=\"og:image\" content=\"https:\/\/auxracinesdesoi.fr\/wp-content\/uploads\/2023\/04\/chromatho_b.png\" \/>\n<meta name=\"twitter:card\" content=\"summary_large_image\" \/>\n<meta name=\"twitter:label1\" content=\"Dur\u00e9e de lecture estim\u00e9e\" \/>\n\t<meta name=\"twitter:data1\" content=\"1 minute\" \/>\n<script type=\"application\/ld+json\" class=\"yoast-schema-graph\">{\"@context\":\"https:\\\/\\\/schema.org\",\"@graph\":[{\"@type\":\"WebPage\",\"@id\":\"https:\\\/\\\/auxracinesdesoi.fr\\\/index.php\\\/massages-chromotherapie\\\/\",\"url\":\"https:\\\/\\\/auxracinesdesoi.fr\\\/index.php\\\/massages-chromotherapie\\\/\",\"name\":\"Soins du Corps \\\"Chromoth\u00e9rapie\\\" - Aux Racines de Soi\",\"isPartOf\":{\"@id\":\"https:\\\/\\\/auxracinesdesoi.fr\\\/#website\"},\"primaryImageOfPage\":{\"@id\":\"https:\\\/\\\/auxracinesdesoi.fr\\\/index.php\\\/massages-chromotherapie\\\/#primaryimage\"},\"image\":{\"@id\":\"https:\\\/\\\/auxracinesdesoi.fr\\\/index.php\\\/massages-chromotherapie\\\/#primaryimage\"},\"thumbnailUrl\":\"https:\\\/\\\/auxracinesdesoi.fr\\\/wp-content\\\/uploads\\\/2023\\\/04\\\/chromatho_b.png\",\"datePublished\":\"2023-04-09T17:36:28+00:00\",\"dateModified\":\"2024-10-29T07:30:30+00:00\",\"breadcrumb\":{\"@id\":\"https:\\\/\\\/auxracinesdesoi.fr\\\/index.php\\\/massages-chromotherapie\\\/#breadcrumb\"},\"inLanguage\":\"fr-FR\",\"potentialAction\":[{\"@type\":\"ReadAction\",\"target\":[\"https:\\\/\\\/auxracinesdesoi.fr\\\/index.php\\\/massages-chromotherapie\\\/\"]}]},{\"@type\":\"ImageObject\",\"inLanguage\":\"fr-FR\",\"@id\":\"https:\\\/\\\/auxracinesdesoi.fr\\\/index.php\\\/massages-chromotherapie\\\/#primaryimage\",\"url\":\"https:\\\/\\\/auxracinesdesoi.fr\\\/wp-content\\\/uploads\\\/2023\\\/04\\\/chromatho_b.png\",\"contentUrl\":\"https:\\\/\\\/auxracinesdesoi.fr\\\/wp-content\\\/uploads\\\/2023\\\/04\\\/chromatho_b.png\",\"width\":800,\"height\":751,\"caption\":\"chromoth\u00e9rapie\"},{\"@type\":\"BreadcrumbList\",\"@id\":\"https:\\\/\\\/auxracinesdesoi.fr\\\/index.php\\\/massages-chromotherapie\\\/#breadcrumb\",\"itemListElement\":[{\"@type\":\"ListItem\",\"position\":1,\"name\":\"Accueil\",\"item\":\"https:\\\/\\\/auxracinesdesoi.fr\\\/\"},{\"@type\":\"ListItem\",\"position\":2,\"name\":\"Soins du Corps \u00ab\u00a0Chromoth\u00e9rapie\u00a0\u00bb\"}]},{\"@type\":\"WebSite\",\"@id\":\"https:\\\/\\\/auxracinesdesoi.fr\\\/#website\",\"url\":\"https:\\\/\\\/auxracinesdesoi.fr\\\/\",\"name\":\"Aux Racines de Soi\",\"description\":\"\",\"publisher\":{\"@id\":\"https:\\\/\\\/auxracinesdesoi.fr\\\/#organization\"},\"potentialAction\":[{\"@type\":\"SearchAction\",\"target\":{\"@type\":\"EntryPoint\",\"urlTemplate\":\"https:\\\/\\\/auxracinesdesoi.fr\\\/?s={search_term_string}\"},\"query-input\":{\"@type\":\"PropertyValueSpecification\",\"valueRequired\":true,\"valueName\":\"search_term_string\"}}],\"inLanguage\":\"fr-FR\"},{\"@type\":\"Organization\",\"@id\":\"https:\\\/\\\/auxracinesdesoi.fr\\\/#organization\",\"name\":\"Aux Racines de Soi\",\"url\":\"https:\\\/\\\/auxracinesdesoi.fr\\\/\",\"logo\":{\"@type\":\"ImageObject\",\"inLanguage\":\"fr-FR\",\"@id\":\"https:\\\/\\\/auxracinesdesoi.fr\\\/#\\\/schema\\\/logo\\\/image\\\/\",\"url\":\"https:\\\/\\\/auxracinesdesoi.fr\\\/wp-content\\\/uploads\\\/2021\\\/07\\\/171525535_217833520008418_4357606585812520522_n.png\",\"contentUrl\":\"https:\\\/\\\/auxracinesdesoi.fr\\\/wp-content\\\/uploads\\\/2021\\\/07\\\/171525535_217833520008418_4357606585812520522_n.png\",\"width\":945,\"height\":945,\"caption\":\"Aux Racines de Soi\"},\"image\":{\"@id\":\"https:\\\/\\\/auxracinesdesoi.fr\\\/#\\\/schema\\\/logo\\\/image\\\/\"},\"sameAs\":[\"https:\\\/\\\/www.facebook.com\\\/AuxRacinesDeSoi\",\"https:\\\/\\\/www.instagram.com\\\/auxracinesdesoi\"]}]}<\/script>\n<!-- \/ Yoast SEO plugin. -->","yoast_head_json":{"title":"Soins du Corps \"Chromoth\u00e9rapie\" - Aux Racines de Soi","robots":{"index":"index","follow":"follow","max-snippet":"max-snippet:-1","max-image-preview":"max-image-preview:large","max-video-preview":"max-video-preview:-1"},"canonical":"https:\/\/auxracinesdesoi.fr\/index.php\/massages-chromotherapie\/","og_locale":"fr_FR","og_type":"article","og_title":"Soins du Corps \"Chromoth\u00e9rapie\" - Aux Racines de Soi","og_description":"Une couleur, une \u00e9motion, un soin du corps &nbsp; Nous nous appuyons sur six m\u00e9thodes multisensorielles pour vous guider dans un Voyage int\u00e9rieur, l\u00e0 o\u00f9 les couleurs et les \u00e9motions se croisent. Soin \u00c9veil des Sens 60mn Laissez-vous guider \u00e0 travers un voyage immersif, dans les senteurs, les couleurs, le toucher, et les techniques \u00e9nerg\u00e9tiques &hellip;","og_url":"https:\/\/auxracinesdesoi.fr\/index.php\/massages-chromotherapie\/","og_site_name":"Aux Racines de Soi","article_publisher":"https:\/\/www.facebook.com\/AuxRacinesDeSoi","article_modified_time":"2024-10-29T07:30:30+00:00","og_image":[{"url":"https:\/\/auxracinesdesoi.fr\/wp-content\/uploads\/2023\/04\/chromatho_b.png","type":"","width":"","height":""}],"twitter_card":"summary_large_image","twitter_misc":{"Dur\u00e9e de lecture estim\u00e9e":"1 minute"},"schema":{"@context":"https:\/\/schema.org","@graph":[{"@type":"WebPage","@id":"https:\/\/auxracinesdesoi.fr\/index.php\/massages-chromotherapie\/","url":"https:\/\/auxracinesdesoi.fr\/index.php\/massages-chromotherapie\/","name":"Soins du Corps \"Chromoth\u00e9rapie\" - Aux Racines de Soi","isPartOf":{"@id":"https:\/\/auxracinesdesoi.fr\/#website"},"primaryImageOfPage":{"@id":"https:\/\/auxracinesdesoi.fr\/index.php\/massages-chromotherapie\/#primaryimage"},"image":{"@id":"https:\/\/auxracinesdesoi.fr\/index.php\/massages-chromotherapie\/#primaryimage"},"thumbnailUrl":"https:\/\/auxracinesdesoi.fr\/wp-content\/uploads\/2023\/04\/chromatho_b.png","datePublished":"2023-04-09T17:36:28+00:00","dateModified":"2024-10-29T07:30:30+00:00","breadcrumb":{"@id":"https:\/\/auxracinesdesoi.fr\/index.php\/massages-chromotherapie\/#breadcrumb"},"inLanguage":"fr-FR","potentialAction":[{"@type":"ReadAction","target":["https:\/\/auxracinesdesoi.fr\/index.php\/massages-chromotherapie\/"]}]},{"@type":"ImageObject","inLanguage":"fr-FR","@id":"https:\/\/auxracinesdesoi.fr\/index.php\/massages-chromotherapie\/#primaryimage","url":"https:\/\/auxracinesdesoi.fr\/wp-content\/uploads\/2023\/04\/chromatho_b.png","contentUrl":"https:\/\/auxracinesdesoi.fr\/wp-content\/uploads\/2023\/04\/chromatho_b.png","width":800,"height":751,"caption":"chromoth\u00e9rapie"},{"@type":"BreadcrumbList","@id":"https:\/\/auxracinesdesoi.fr\/index.php\/massages-chromotherapie\/#breadcrumb","itemListElement":[{"@type":"ListItem","position":1,"name":"Accueil","item":"https:\/\/auxracinesdesoi.fr\/"},{"@type":"ListItem","position":2,"name":"Soins du Corps \u00ab\u00a0Chromoth\u00e9rapie\u00a0\u00bb"}]},{"@type":"WebSite","@id":"https:\/\/auxracinesdesoi.fr\/#website","url":"https:\/\/auxracinesdesoi.fr\/","name":"Aux Racines de Soi","description":"","publisher":{"@id":"https:\/\/auxracinesdesoi.fr\/#organization"},"potentialAction":[{"@type":"SearchAction","target":{"@type":"EntryPoint","urlTemplate":"https:\/\/auxracinesdesoi.fr\/?s={search_term_string}"},"query-input":{"@type":"PropertyValueSpecification","valueRequired":true,"valueName":"search_term_string"}}],"inLanguage":"fr-FR"},{"@type":"Organization","@id":"https:\/\/auxracinesdesoi.fr\/#organization","name":"Aux Racines de Soi","url":"https:\/\/auxracinesdesoi.fr\/","logo":{"@type":"ImageObject","inLanguage":"fr-FR","@id":"https:\/\/auxracinesdesoi.fr\/#\/schema\/logo\/image\/","url":"https:\/\/auxracinesdesoi.fr\/wp-content\/uploads\/2021\/07\/171525535_217833520008418_4357606585812520522_n.png","contentUrl":"https:\/\/auxracinesdesoi.fr\/wp-content\/uploads\/2021\/07\/171525535_217833520008418_4357606585812520522_n.png","width":945,"height":945,"caption":"Aux Racines de Soi"},"image":{"@id":"https:\/\/auxracinesdesoi.fr\/#\/schema\/logo\/image\/"},"sameAs":["https:\/\/www.facebook.com\/AuxRacinesDeSoi","https:\/\/www.instagram.com\/auxracinesdesoi"]}]}},"_links":{"self":[{"href":"https:\/\/auxracinesdesoi.fr\/index.php\/wp-json\/wp\/v2\/pages\/522","targetHints":{"allow":["GET"]}}],"collection":[{"href":"https:\/\/auxracinesdesoi.fr\/index.php\/wp-json\/wp\/v2\/pages"}],"about":[{"href":"https:\/\/auxracinesdesoi.fr\/index.php\/wp-json\/wp\/v2\/types\/page"}],"author":[{"embeddable":true,"href":"https:\/\/auxracinesdesoi.fr\/index.php\/wp-json\/wp\/v2\/users\/1"}],"replies":[{"embeddable":true,"href":"https:\/\/auxracinesdesoi.fr\/index.php\/wp-json\/wp\/v2\/comments?post=522"}],"version-history":[{"count":17,"href":"https:\/\/auxracinesdesoi.fr\/index.php\/wp-json\/wp\/v2\/pages\/522\/revisions"}],"predecessor-version":[{"id":618,"href":"https:\/\/auxracinesdesoi.fr\/index.php\/wp-json\/wp\/v2\/pages\/522\/revisions\/618"}],"wp:attachment":[{"href":"https:\/\/auxracinesdesoi.fr\/index.php\/wp-json\/wp\/v2\/media?parent=522"}],"curies":[{"name":"wp","href":"https:\/\/api.w.org\/{rel}","templated":true}]}}